{"id":558,"date":"2021-01-27T02:05:12","date_gmt":"2021-01-27T02:05:12","guid":{"rendered":"https:\/\/comotocarcavaquinho.com\/cursos\/?page_id=558"},"modified":"2023-10-25T05:00:21","modified_gmt":"2023-10-25T05:00:21","slug":"cadastro-e-acesso","status":"publish","type":"page","link":"https:\/\/comotocarcavaquinho.com\/cursos\/cadastro-e-acesso\/","title":{"rendered":"Cadastro e Acesso de Afiliados."},"content":{"rendered":"\n<h3><strong>Fa\u00e7a seu cadastro agora clicando no link abaixo;<\/strong><\/h3>\n\n\n\n<div class=\"wp-block-button\"><a class=\"wp-block-button__link has-background wp-element-button\" href=\"https:\/\/comotocarcavaquinho.com\/cursos\/wp-login.php?action=register\" style=\"background-color:#1c262a\">&gt;&gt; CADASTRAR&gt;<\/a><\/div>\n\n\n\n<p style=\"font-size:24px\"><strong>J\u00e1 \u00e9 Cadastrado? Clique no bot\u00e3o abaixo para acessar<\/strong>.<\/p>\n\n\n\n<div class=\"wp-block-button\"><a class=\"wp-block-button__link wp-element-button\" href=\"https:\/\/comotocarcavaquinho.com\/cursos\/wp-login.php?redirect_to=https%3A%2F%2Fcomotocarcavaquinho.com%2Fcursos%2Fwp-admin%2F&amp;reauth=1\">ACESSAR<\/a><\/div>\n\n\n\n<p>Entre para nosso<a href=\"https:\/\/chat.whatsapp.com\/Dbddd9LrorZDrAnmWLrNVI\"> <strong>GRUPO DE AFILIADOS PARCEIROS<\/strong><\/a> no WhatsApp.<\/p>\n\n\n<div class=\"wp-block-image\">\n<figure class=\"aligncenter size-full is-resized\"><a href=\"https:\/\/chat.whatsapp.com\/Dbddd9LrorZDrAnmWLrNVI\" target=\"_blank\" rel=\"noreferrer noopener\"><img decoding=\"async\" src=\"https:\/\/comotocarcavaquinho.com\/cursos\/wp-content\/uploads\/2019\/02\/whatsapp-share-hdcast-1.jpg\" alt=\"\" class=\"wp-image-184\" width=\"354\" height=\"109\" srcset=\"https:\/\/comotocarcavaquinho.com\/cursos\/wp-content\/uploads\/2019\/02\/whatsapp-share-hdcast-1.jpg 707w, https:\/\/comotocarcavaquinho.com\/cursos\/wp-content\/uploads\/2019\/02\/whatsapp-share-hdcast-1-300x92.jpg 300w\" sizes=\"(max-width: 354px) 100vw, 354px\" \/><\/a><\/figure>\n<\/div>","protected":false},"excerpt":{"rendered":"<p>Fa\u00e7a seu cadastro agora clicando no link abaixo; J\u00e1 \u00e9 Cadastrado? Clique no bot\u00e3o abaixo para acessar. Entre para nosso GRUPO DE AFILIADOS PARCEIROS no WhatsApp.<\/p>\n","protected":false},"author":1,"featured_media":0,"parent":0,"menu_order":0,"comment_status":"closed","ping_status":"closed","template":"","meta":{"footnotes":""},"class_list":["post-558","page","type-page","status-publish"],"_links":{"self":[{"href":"https:\/\/comotocarcavaquinho.com\/cursos\/wp-json\/wp\/v2\/pages\/558","targetHints":{"allow":["GET"]}}],"collection":[{"href":"https:\/\/comotocarcavaquinho.com\/cursos\/wp-json\/wp\/v2\/pages"}],"about":[{"href":"https:\/\/comotocarcavaquinho.com\/cursos\/wp-json\/wp\/v2\/types\/page"}],"author":[{"embeddable":true,"href":"https:\/\/comotocarcavaquinho.com\/cursos\/wp-json\/wp\/v2\/users\/1"}],"replies":[{"embeddable":true,"href":"https:\/\/comotocarcavaquinho.com\/cursos\/wp-json\/wp\/v2\/comments?post=558"}],"version-history":[{"count":4,"href":"https:\/\/comotocarcavaquinho.com\/cursos\/wp-json\/wp\/v2\/pages\/558\/revisions"}],"predecessor-version":[{"id":898,"href":"https:\/\/comotocarcavaquinho.com\/cursos\/wp-json\/wp\/v2\/pages\/558\/revisions\/898"}],"wp:attachment":[{"href":"https:\/\/comotocarcavaquinho.com\/cursos\/wp-json\/wp\/v2\/media?parent=558"}],"curies":[{"name":"wp","href":"https:\/\/api.w.org\/{rel}","templated":true}]}}